c be (1 - (-3 - -1))/1. Suppose -2*b = c*v - 103, 240 = 3*b + 2*b + 4*v. Suppose 0*u = -u + b. What is the tens digit of u?
4
What is the units digit of 1/3 + ((-207032)/(-21) - 6)?
3
Let a be (-2)/(-3)*75/10. Suppose a*s + 3*g + 2 = 0, -2*g + 1 = -2*s + 13. Suppose 4*v - v - 333 = -2*i, 3*i - 512 = -s*v. What is the units digit of i?
4
Suppose 2*i = -9 + 25. Let y = 9 + i. Let b = 29 - y. What is the tens digit of b?
1
Suppose 0 = a + 79*h - 78*h + 402, -2*a - 816 = -2*h. Let l be (-6)/21 + 4440/7. Let m = a + l. What is the tens digit of m?
2
Let x(g) = -1109*g - 1791. What is the ten thousands digit of x(-22)?
2
Let b(n) = -2*n + 12. Let p(l) = -1. Let x(g) = -2*b(g) - 18*p(g). Suppose 20*s - 47 + 14 = 9*s. What is the units digit of x(s)?
6
Let t = 60722 + -41586. What is the units digit of t?
6
Let a(g) = -817*g + 1252. What is the hundreds digit of a(-8)?
7
Suppose -v = 3*v + 2*x + 70, -3*x - 87 = 5*v. Let u be (-6)/27 + (-52)/v*97. Let s = u - 99. What is the tens digit of s?
8
Let v(b) = -361*b - 11005. What is the hundreds digit of v(-104)?
5
What is the units digit of (-418244)/(-64) - (-8 - (-129)/16)?
5
Let b be 1/(9/6)*6. Let a = -105 - -108. Suppose -a*t = 5*d - 386, -2*d + b*t = 2*t - 164. What is the units digit of d?
9
What is the units digit of 4 + 7198 + 429/33?
5
Let u(h) = 4*h**3 + 151*h**2 - 150*h + 11. What is the hundreds digit of u(-38)?
2
Let h(f) = -38 + 9 + 2*f**2 + 37*f + 16*f. Let v be h(-26). What is the tens digit of 10/((2/(-6))/(v/33))?
5
Let m be ((-299)/(-1))/(-7 - 144/(-20)). Suppose 5*g + m = 4*w, -4*g = -5*w + 10 + 1870. What is the units digit of w?
0
Suppose 9*m - 25*m - 16 = 0. Let w be 2/(-3 + 5)*m*39. Let j = w + 166. What is the units digit of j?
7
Let x(b) = -118*b**2 + 7 + 20 + 20*b + 121*b**2. What is the units digit of x(-12)?
9
Let q be (6 + -2)/(10/365). Let j = q - 101. What is the units digit of (-10)/j + (-1066)/(-18)?
9
What is the hundreds digit of 15765 + (-1*2 - 45/(-16 + 7))?
7
What is the ten thousands digit of -3*(18/(-45))/(1/(184865/6))?
3
Let n be (-3)/8 + (-459)/(-136). What is the units digit of (-4*n/30)/((-2)/220)?
4
Let s(p) = 324*p**3 - 5*p**2 + 5*p - 1. Let c be s(2). Suppose -7*a + c = -1045. What is the units digit of a?
8
Let h be 3*2 - (218 + -33). Let l = -59 - h. What is the hundreds digit of l?
1
Let z be 4/((-3 - -2)*-1). Suppose 574 = -5*g - n, z*g + 29 = n - 423. Let p = g + 226. What is the hundreds digit of p?
1
Let g(a) = 10 + 3*a + a**2 + 19 + 34. What is the units digit of g(-6)?
1
Suppose -224*k + 5207748 = -42*k. What is the hundreds digit of k?
6
Let w be (16/(-28))/((-13)/91). Suppose 5*g - w*s = 569, 7*g - 11*g - 5*s = -447. What is the hundreds digit of g?
1
Suppose -806*n + 57015 = -761*n. What is the hundreds digit of n?
2
Suppose 5*g + 3159932 + 718750 = 87*g. What is the tens digit of g?
0
Suppose 7*r - 3*r + a = -96, 2*r + 5*a + 30 = 0. What is the tens digit of (3 - r/(-10)) + (-1614)/(-4)?
0
Let i be (9/12)/(4/(-112)). Let z = i - -24. Suppose -2*s + 6*s + 5*g = 27, z*g + 11 = s. What is the units digit of s?
8
Let m(r) = r**3 - 6*r**2 - 2*r + 14. Let f be m(6). Suppose f*l + 2*l + 5*b - 267 = 0, 0 = -5*l - b + 318. Suppose l = 2*p - 233. What is the tens digit of p?
4
What is the tens digit of (-27392528)/(-532) + 12/(-7) + 3?
9
Let c = -220 + 220. Suppose -2*i = c, 8*j + i = 6*j + 622. What is the tens digit of j?
1
Let f = -25075 - -48594. What is the units digit of f?
9
Let f(r) = 4*r**2 - 1. Let i be f(-1). Suppose 3*a - 6 = 3*p + 3, a - i = -4*p. Suppose -s + 71 = 4*m - 203, -199 = -a*m - 4*s. What is the units digit of m?
9
Let w(u) = 187*u - 50. Let t(d) = -4*d. Let k(s) = t(s) + w(s). What is the tens digit of k(2)?
1
Suppose -g + 4*g = -4*s + 22, 5*s - 10 = 5*g. Let d(q) = 35*q + 14. What is the tens digit of d(s)?
5
Let r be 3*(-1 - 8/(-6)). Let y = 1 - r. Suppose -5*m + 1 + 254 = y. What is the tens digit of m?
5
Suppose 186 = -2*w - 4*b, -4*w - 264 - 80 = b. Let t = w - -506. Let m = -199 + t. What is the tens digit of m?
2
Let w = -6412 - -4547. Let v = -916 - w. What is the hundreds digit of v?
9
Suppose -39*t - 4918 + 48999 + 19762 = 0. What is the tens digit of t?
3
Suppose -386 + 1070 = q. Suppose -5*b + q = -4*g - 571, -4*b + 5*g = -995. What is the hundreds digit of b?
2
Suppose 284 + 448 = -3*q. Let b be (-7250)/(-18) + 12/54. Let k = b + q. What is the tens digit of k?
5
Suppose 26*g = 13*g - 27939 + 181898. What is the thousands digit of g?
1
Suppose 4 = o + 2. Suppose -o*z - 3*z = 2*d - 186, -3*d = -5*z - 329. What is the units digit of d/7 - (-10)/35?
5
What is the ten thousands digit of (-241443)/54*-6 + 17?
2
Let u be (-2)/6*-15 - 1003. Let t = u + 1964. What is the hundreds digit of t?
9
Let x = 89 - 95. What is the units digit of 4644/10 + x/15?
4
Let t = -1981 - -4695. What is the units digit of t?
4
Suppose -9*x = -14*x - 25. Let o be (-49*1)/(4*x/20). What is the units digit of 14/o + (-593)/(-7)?
5
Let z(o) = 14*o - 54. Let x be z(4). What is the units digit of 56/32*22*x?
7
Suppose 10*f - 9 = -29. Let n be (f*(-12)/10)/((-132)/(-440)). Suppose o - 4*z - 12 = 0, 3*z + 18 = o + n. What is the units digit of o?
4
Suppose 5*q - v + 8943 - 37714 = 0, 5*q = -4*v + 28766. What is the units digit of q?
4
Let p(f) = -1239*f + 148. Let i be p(-4). Suppose 0 = 3*t - w - 3835, 5*t + w - i = t. What is the tens digit of t?
7
Let t(s) = 194*s + 16. Let z be t(-3). Let g = z + 906. What is the hundreds digit of g?
3
Suppose 26*x - 133347 = -5*k + 27*x, 0 = 3*k + 4*x - 79976. What is the thousands digit of k?
6
Let r be 4 - (4 + -2) - (-1 - 0). Suppose 4*k + r*v - 667 = 0, 0*k - 5*v = k - 188. Suppose -4*y + k - 23 = 0. What is the tens digit of y?
3
Suppose -2*m + 3*m - 4809 = 6095. What is the ten thousands digit of m?
1
Let k be (-1129)/(-13) - ((-22)/(-26) - 1). Suppose -j = 3 - k. Suppose r + j = -n + 227, n - 147 = -5*r. What is the units digit of n?
2
Let h = 7182 + 3847. What is the hundreds digit of h?
0
Let f(q) = -4832*q - 136. What is the hundreds digit of f(-4)?
1
Suppose 3*t = 60*t - 30*t - 1377. What is the tens digit of t?
5
Suppose -14*l - 1316 = -10*l. Let o = l - -489. Suppose o = 2*c + g - 3*g, 432 = 5*c + 3*g. What is the tens digit of c?
8
Let d(n) = -n**2 - 23*n - 39. Let v(c) = -c**2 + 21*c - 16. Let i be v(20). Suppose k = -2*r - 20, 0*k = 2*k - i*r + 24. What is the tens digit of d(k)?
7
Let w = 33 - 22. Let t be (-3)/(-15) - (-728)/(-40). Let r = w - t. What is the tens digit of r?
2
Let p be (-5 - 27)/4*(218 + -4). Let o = -1200 - p. What is the tens digit of o?
1
Suppose -5*l + 78241 = 4*u + 32459, 2*l - 5*u - 18293 = 0. What is the thousands digit of l?
9
Let o(n) = n**2 - n - 15. Let a be o(-4). What is the tens digit of a*(-1 + 6/5)*1231?
3
Let y = -350 - -640. Suppose 119 = u - 75. Let g = y - u. What is the units digit of g?
6
Suppose -90*o = -122*o + 21440. What is the hundreds digit of o?
6
Let t = -224 - -414. Suppose -20 + t = -p. What is the units digit of -5 + (-5 - p/1)?
0
Suppose h + 7*v = 5*v + 2558, 0 = -4*h + 5*v + 10284. What is the tens digit of h?
6
Let p = 53 - 45. Let h(a) = -18 - 12*a + p*a + 2. What is the tens digit of h(-8)?
1
Suppose 30123*a = 30125*a - 55450. What is the ten thousands digit of a?
2
Suppose -3*t - 4*y = 2*t - 16, -t = 4*y. Suppose t*z - 5698 = 3*x + 965, -4*x + 3304 = 2*z. What is the tens digit of z?
6
Let n = -1527 + 7739. What is the tens digit of n?
1
What is the tens digit of 2/23 + 26/78*(-19589352)/(-92)?
7
Let d(x) = -x**3 - 16*x**2 + 23*x + 35. Suppose 3*f = m + 3*m + 87, 2*m = -f - 31. What is the tens digit of d(m)?
6
Let d(v) = 5*v**2 - 9*v + 9. Let c be d(1). Suppose -2*k + 10 = 0, -5*g - c*k + 4293 = 1508. What is the tens digit of g?
5
Let t(x) be the first derivative of 21*x**2/2 + 86*x + 79. What is the hundreds digit of t(7)?
2
Suppose 65*f - 2319720 - 645876 = -49*f. What is the tens digit of f?
1
Suppose -3*c + 8*c + a - 178 = 0, 2*a - 111 = -3*c. Let m(z) = c*z + z**3 - 3 - 12*z - 17*z - 8*z**2. What is the tens digit of m(8)?
4
Let v = -19 - -20. What is the tens digit of (13 - v)*(-291)/(-6)?
8
Let f = -81415 + 161293. What is the hundreds digit of f?
8
Let y(o) = 17587*o - 645. What is the ten thousands digit of y(2)?
3
Suppose 4